t of p(3)?
2
Let t = 59099 + -18690. What is the thousands digit of t?
0
Let o = -21648 - -40788. Suppose 52 = 5*h - 5*g + 47, -2*g - 8 = 0. What is the hundreds digit of (o/176)/((-2)/16*h)?
2
Let r be 13*(-4 + 11 + 0). Let u = 58 + r. Let a = 300 - u. What is the tens digit of a?
5
Let g(r) = -197*r - 77. Let j be g(-14). Suppose 2*k = -b + 950, 5*k + 3*b = j - 304. What is the tens digit of k?
7
Let f be 4 + 13 - (6/1 + -3). Suppose 12*w = f*w + 740. Let p = -198 - w. What is the tens digit of p?
7
Suppose -5*p - 2*o + 8 = -1, 9 = -3*o. Suppose -p*n = -m - 7, -4*m - 4*n - 1 = 11. What is the hundreds digit of (-1 - m - 0)*710/15?
1
Suppose 11*f - 7710 = 6*f. Let c = -970 + f. What is the units digit of c?
2
Let k(q) = -22*q**2 + 3*q + 10. Let y(h) = -65*h**2 + 8*h + 30. Let t(w) = 11*k(w) - 4*y(w). What is the tens digit of t(5)?
4
Let s be 3/(5/(-40)*(-2 - 4)). Suppose 48 = -s*g - 4*l, g + 28 = -g - 3*l. What is the hundreds digit of (-6 + 2)*298*1/g?
1
Suppose -4*j + 28 - 20 = 0. Suppose -2*x + 2*c + 1666 = 0, -j*c + 3*c = -3*x + 2499. What is the hundreds digit of x?
8
Suppose 3*o = 3*r, -2*r - 3*o = -6*r. Let n be r + 3 - 5/(-1). Let t = n + 72. What is the units digit of t?
0
Let y(l) = l**3 - 8*l**2 + 12*l + 1. Let t be y(6). Let g be -114*((-2)/(-3) - (t + 2)). Let p = g + -151. What is the hundreds digit of p?
1
What is the tens digit of 247/(354/(-180) - (6 + -8))?
1
Suppose w - 8 - 1 = -3*q, -14 = -5*q - 2*w. Suppose -3*j - 33 = -3*m, -19 = -5*m - 3*j + q. What is the units digit of 1 + -1 + m - 1?
6
Let b be -3*((-2)/(-6*1) - 1). Let f be ((-2)/4)/(b/(-12)). Suppose 0 = -h + 2*l + 241, -696 = -3*h - f*l - 0*l. What is the tens digit of h?
3
Let n(q) = q**3 + 25*q**2 - 44*q - 254. What is the tens digit of n(-13)?
4
Let r(q) = 2*q**2 + 52*q + 354. Let t be r(-14). Let h be 4/(-18) - (-5080)/18. Suppose t*w - h = 15*w. What is the units digit of w?
4
Let b(g) = 8*g**2 + 42*g + 397. What is the thousands digit of b(-25)?
4
Let x(w) be the first derivative of 4*w**2 + 6*w - 13. Let f be x(3). What is the tens digit of (-8)/(-10) - (-5166)/f?
7
Let q(u) = -u + 10. Let s be q(-8). Let g = -17 - -9. Let y = s + g. What is the units digit of y?
0
Let b(d) = 20*d + 37. Let g be b(-2). Let p(t) = -324*t - 155. What is the tens digit of p(g)?
1
Let l = 10 - 316. What is the hundreds digit of 2 - (-6 + l) - 6/2?
3
Let f(w) = -110*w + 311. Let b be f(16). Let d = 2413 + b. What is the units digit of d?
4
Let l(d) = -d**3 - d**2 - 3*d - 6. Let f be l(-2). Let n(v) be the first derivative of v**4/4 - v**3 + 3*v**2/2 - 13*v + 2. What is the tens digit of n(f)?
1
Suppose -k = 1, -3*l + 16*k + 61698 = 19*k. What is the ten thousands digit of l?
2
What is the tens digit of ((-4377)/4)/(144/(-576))?
7
Let a(t) = 2*t**2 - 2*t. Suppose -6*j - 8 = -10*j. Let o be a(j). Suppose -o*l = -16, -4*r + 4*l = -7*r + 334. What is the tens digit of r?
0
Let c(n) = -n**2 - 33*n**3 - n + 26*n**3 - 4 + 0*n. Let s be c(-2). Suppose -s = -27*x + 22*x. What is the units digit of x?
0
Let k = -16 - -34. Suppose k*z - 19*z + 3 = 0. What is the units digit of 3 + z/(-6)*-2?
4
What is the units digit of (801/(-63) + 12)/(4/(-454468))?
5
Suppose -2*q - 646 = 4*a, 2*a = 5*a + 4*q + 492. Let z be 6/(-48) + (-7)/8. What is the units digit of (-23)/23*(-1)/(z/a)?
0
Let x = 6306 - -4571. What is the hundreds digit of x?
8
Suppose 2*d - 78 + 42 = 0. Suppose v - 10*v = -d. Suppose -v*a + 225 = -49. What is the units digit of a?
7
Suppose 0 = -d + 2, 2*y + 2*y - 4*d = -380. Let u be y/9 + (-3)/(-9). What is the units digit of ((-12)/u)/((-24)/(-640))?
2
What is the thousands digit of 1 + (10 - (-12 - -17)) + 93033?
3
Suppose -6*c - l = -c - 5, 0 = -3*c + 2*l - 10. Suppose -5*w + 3*n = -9, -2*w + 5*w - 5*n + 1 = c. Suppose 0 = -w*s + 373 - 145. What is the units digit of s?
6
Let b = -4 - -6. Let n(d) = 2*d**2 - 4*d. Let u be n(b). Suppose -2*c - 6 = u, -40 = -2*s + 3*c + 141. What is the units digit of s?
6
Suppose 2*c + l = 1167, 2*l + 2*l - 1763 = -3*c. Suppose 2860 = 5*g + f, 0 = g - 0*f + 2*f - c. What is the hundreds digit of g?
5
Suppose 0 = -10*p - 0*p + 90. Let i be 0*(-2 + 15/p). Suppose i = -5*d - 0*d + 225. What is the tens digit of d?
4
Suppose 0 = 3*u - x + 5*x + 8, -20 = 4*x. Suppose s - 15 = -4*d, -u*d - 5*s + 18 = -3*s. Suppose d*k = -5*k + 16. What is the units digit of k?
2
What is the thousands digit of 19209 - 125/75*18/(-30)?
9
Suppose 3*r - 2*r + 6 = z, -z = 3*r + 2. Suppose 2*b - 486 = -2*v, 0 = z*v + 5*b - 3*b - 966. What is the hundreds digit of v?
2
Suppose 0 = -p - 6*p. Suppose p = -8*f + 1336 + 536. What is the hundreds digit of f?
2
Let w(i) = 242*i**2 + 78*i - 789. What is the hundreds digit of w(10)?
1
Let j(k) = 100*k**2 + 43*k + 121. What is the thousands digit of j(-8)?
6
Suppose -4 = -7*p + 8*p + 5*q, -5*q = -5*p - 20. Let h be 3 - 1084/(-8) - p/(-8). Let m = 201 - h. What is the units digit of m?
3
Suppose 3*w - 46 = 44. Let n = w + 24. Let b = 65 + n. What is the tens digit of b?
1
Suppose -2*v + 11 = -29. Suppose -3*w - v + 893 = 0. Suppose 4*t - w = t. What is the units digit of t?
7
Suppose -4*f - l + 300857 = -35662, 2*l - 168246 = -2*f. What is the thousands digit of f?
4
Let n be (-116)/8*(3 + -1). Let b = n - -32. Suppose b*r - 5*r + 54 = 0. What is the units digit of r?
7
Let k = 2080 + -2424. Let j(h) = 31*h**3 + 3*h**2 + 4*h + 2. Let d be j(-2). Let w = d - k. What is the tens digit of w?
0
Let s be 4*-39*(-4)/3. Suppose 2*p + x - 227 = 207, -p - 5*x = -s. What is the hundreds digit of p?
2
Let m(w) = -2*w**3 + 17*w**2 + 11*w + 2. Let q be m(9). Suppose 35*k - 5475 = q*k. What is the tens digit of k?
6
Let w be 5487*(3 + -7 - -5). Suppose 0 = -6*u + w + 3741. What is the hundreds digit of u?
5
What is the thousands digit of (-6751 - -4)/(-3)*((-3)/(-3) - -1)?
4
What is the units digit of (2710 - 32) + (-14)/2?
1
Suppose 196*u = 1893362 - 363778. What is the thousands digit of u?
7
Let o(c) = 10*c**2 - c. Let z be o(1). Let l(r) = -2 - 120*r - 3 + 113*r + 0 + z*r**2. What is the tens digit of l(-4)?
6
Let k = -504 - -506. Suppose -k*o + 158 = -o + 2*j, 3*o + j = 494. What is the hundreds digit of o?
1
Let n(m) = 37*m - 5. Suppose 33*g - 10 = 28*g. Suppose 7*i + g = 9. What is the tens digit of n(i)?
3
Let h = 49 + -44. Suppose -h*o - 13 = 37. Let b(x) = -3*x + 13. What is the units digit of b(o)?
3
Let n = -122 - -108. What is the hundreds digit of (-16824)/n + 46/161?
2
Suppose -169055 = -4496*n + 4491*n. What is the hundreds digit of n?
8
Suppose 44*p + 5*s = 45*p - 126, -4*s = 0. Suppose 93 = -3*g + p. What is the tens digit of g?
1
Let j be ((-1182)/9)/((-122)/366). Let r be (-1654)/7 + 4/14. Let d = r + j. What is the hundreds digit of d?
1
Let g(a) be the second derivative of 2*a**3/3 + 15*a**2 - 8*a. Let j be g(-8). What is the units digit of -107*1/(1 + j)?
7
Suppose 101*j - 98*j = 9. What is the hundreds digit of 762 + j - (-12 - -6)?
7
Suppose 15*b - 34 - 11 = 0. Suppose s = -2*g + 1686, -b*s - 1674 = -2*g + 2*s. What is the units digit of g?
2
Suppose 0*r - 56 = -4*r. Let v be 1/(2/r)*(7 - 6). Suppose v*t = 51 + 1279. What is the hundreds digit of t?
1
Let s be (0 - -2)/2*-62. Let h = -435 - -404. Let f = h - s. What is the units digit of f?
1
Suppose -163*b = -148*b - 9585. What is the tens digit of b?
3
Suppose -s - 3 + 4 = 2*i, 3*i - 2*s = 12. What is the hundreds digit of ((-6)/9)/((-3)/(2781/i))?
3
Let u(i) be the second derivative of -i**5/4 + 7*i**4/12 + 4*i**3/3 + 9*i**2/2 - 97*i. What is the units digit of u(-4)?
9
Let c = -10178 - -15538. What is the tens digit of c?
6
Let r = -4 - 58. Let y = r - -60. Let z = 101 + y. What is the units digit of z?
9
Let j(q) = 4*q**3 - q**2 + 4*q + 9. Let w be j(4). Let l = 515 - w. What is the units digit of l?
0
Let a be (0 + 1 - -77)*7824/72. What is the tens digit of 42/4*a/78?
4
Let y(s) be the first derivative of 6*s**3 - 3*s**2 + 10*s + 213. What is the hundreds digit of y(6)?
6
Suppose 9*q - 105 = -6*q. Let r(c) = 18*c**2 - c - 44. What is the units digit of r(q)?
1
Let b(j) = -j**3 - 23*j**2 - 28*j + 1. Suppose 107 = -6*l - 25. What is the units digit of b(l)?
3
Suppose 21*a - 6738 = -34752. What is the hundreds digit of a*-3*9/27?
3
Let s be 11 + (-3)/(-1)*-1. Let r